{"id":3537,"date":"2024-12-02T10:47:09","date_gmt":"2024-12-02T13:47:09","guid":{"rendered":"https:\/\/electronicatotal.com.uy\/index.php\/producto\/bateriamaca1493-bateria-genuina-oem-macbook-pro-a1502-emc2875-retina-13-med-2014\/"},"modified":"2026-03-26T17:18:06","modified_gmt":"2026-03-26T20:18:06","slug":"bateriamaca1493-bateria-genuina-oem-macbook-pro-a1502-emc2875-retina-13-med-2014","status":"publish","type":"product","link":"https:\/\/electronicatotal.com.uy\/index.php\/producto\/bateriamaca1493-bateria-genuina-oem-macbook-pro-a1502-emc2875-retina-13-med-2014\/","title":{"rendered":"BateriaMacA1493, Bater\u00eda Genuina OEM MacBook PRO A1502 EMC2875 (RETINA, 13, MED 2014)"},"content":{"rendered":"<p>A1493 Bater\u00eda para Macbook Pro 13&#8243; Retina A1502 (A\u00f1os 2013, 2014, 2015)<\/p>\n","protected":false},"excerpt":{"rendered":"<p>A1493 Bater\u00eda para Macbook Pro 13&#8243; Retina A1502 (A\u00f1os 2013, 2014, 2015)<\/p>\n","protected":false},"featured_media":3539,"template":"","meta":{"_et_pb_use_builder":"","_et_pb_old_content":"","_et_gb_content_width":""},"product_brand":[],"product_cat":[256,258],"product_tag":[],"class_list":{"0":"post-3537","1":"product","2":"type-product","3":"status-publish","4":"has-post-thumbnail","6":"product_cat-baterias","7":"product_cat-notebooks-baterias","9":"first","10":"outofstock","11":"taxable","12":"shipping-taxable","13":"purchasable","14":"product-type-simple"},"yoast_head":"<!-- This site is optimized with the Yoast SEO plugin v27.2 - https:\/\/yoast.com\/product\/yoast-seo-wordpress\/ -->\n<title>BateriaMacA1493, Bater\u00eda Genuina OEM MacBook PRO A1502 EMC2875 (RETINA, 13, MED 2014) - Electr\u00f3nica Total<\/title>\n<meta name=\"robots\" content=\"index, follow, max-snippet:-1, max-image-preview:large, max-video-preview:-1\" \/>\n<link rel=\"canonical\" href=\"https:\/\/electronicatotal.com.uy\/index.php\/producto\/bateriamaca1493-bateria-genuina-oem-macbook-pro-a1502-emc2875-retina-13-med-2014\/\" \/>\n<meta property=\"og:locale\" content=\"es_ES\" \/>\n<meta property=\"og:type\" content=\"article\" \/>\n<meta property=\"og:title\" content=\"BateriaMacA1493, Bater\u00eda Genuina OEM MacBook PRO A1502 EMC2875 (RETINA, 13, MED 2014) - Electr\u00f3nica Total\" \/>\n<meta property=\"og:description\" content=\"A1493 Bater\u00eda para Macbook Pro 13&#8243; Retina A1502 (A\u00f1os 2013, 2014, 2015)\" \/>\n<meta property=\"og:url\" content=\"https:\/\/electronicatotal.com.uy\/index.php\/producto\/bateriamaca1493-bateria-genuina-oem-macbook-pro-a1502-emc2875-retina-13-med-2014\/\" \/>\n<meta property=\"og:site_name\" content=\"Electr\u00f3nica Total\" \/>\n<meta property=\"article:publisher\" content=\"https:\/\/www.facebook.com\/electronicaTotal.com.uy\/\" \/>\n<meta property=\"article:modified_time\" content=\"2026-03-26T20:18:06+00:00\" \/>\n<meta property=\"og:image\" content=\"https:\/\/electronicatotal.com.uy\/wp-content\/uploads\/BateriaMacA1493.jpg\" \/>\n\t<meta property=\"og:image:width\" content=\"623\" \/>\n\t<meta property=\"og:image:height\" content=\"284\" \/>\n\t<meta property=\"og:image:type\" content=\"image\/jpeg\" \/>\n<meta name=\"twitter:card\" content=\"summary_large_image\" \/>\n<meta name=\"twitter:label1\" content=\"Tiempo de lectura\" \/>\n\t<meta name=\"twitter:data1\" content=\"1 minuto\" \/>\n<script type=\"application\/ld+json\" class=\"yoast-schema-graph\">{\"@context\":\"https:\/\/schema.org\",\"@graph\":[{\"@type\":\"WebPage\",\"@id\":\"https:\/\/electronicatotal.com.uy\/index.php\/producto\/bateriamaca1493-bateria-genuina-oem-macbook-pro-a1502-emc2875-retina-13-med-2014\/\",\"url\":\"https:\/\/electronicatotal.com.uy\/index.php\/producto\/bateriamaca1493-bateria-genuina-oem-macbook-pro-a1502-emc2875-retina-13-med-2014\/\",\"name\":\"BateriaMacA1493, Bater\u00eda Genuina OEM MacBook PRO A1502 EMC2875 (RETINA, 13, MED 2014) - Electr\u00f3nica Total\",\"isPartOf\":{\"@id\":\"https:\/\/electronicatotal.com.uy\/#website\"},\"primaryImageOfPage\":{\"@id\":\"https:\/\/electronicatotal.com.uy\/index.php\/producto\/bateriamaca1493-bateria-genuina-oem-macbook-pro-a1502-emc2875-retina-13-med-2014\/#primaryimage\"},\"image\":{\"@id\":\"https:\/\/electronicatotal.com.uy\/index.php\/producto\/bateriamaca1493-bateria-genuina-oem-macbook-pro-a1502-emc2875-retina-13-med-2014\/#primaryimage\"},\"thumbnailUrl\":\"https:\/\/electronicatotal.com.uy\/wp-content\/uploads\/BateriaMacA1493.jpg\",\"datePublished\":\"2024-12-02T13:47:09+00:00\",\"dateModified\":\"2026-03-26T20:18:06+00:00\",\"breadcrumb\":{\"@id\":\"https:\/\/electronicatotal.com.uy\/index.php\/producto\/bateriamaca1493-bateria-genuina-oem-macbook-pro-a1502-emc2875-retina-13-med-2014\/#breadcrumb\"},\"inLanguage\":\"es\",\"potentialAction\":[{\"@type\":\"ReadAction\",\"target\":[\"https:\/\/electronicatotal.com.uy\/index.php\/producto\/bateriamaca1493-bateria-genuina-oem-macbook-pro-a1502-emc2875-retina-13-med-2014\/\"]}]},{\"@type\":\"ImageObject\",\"inLanguage\":\"es\",\"@id\":\"https:\/\/electronicatotal.com.uy\/index.php\/producto\/bateriamaca1493-bateria-genuina-oem-macbook-pro-a1502-emc2875-retina-13-med-2014\/#primaryimage\",\"url\":\"https:\/\/electronicatotal.com.uy\/wp-content\/uploads\/BateriaMacA1493.jpg\",\"contentUrl\":\"https:\/\/electronicatotal.com.uy\/wp-content\/uploads\/BateriaMacA1493.jpg\",\"width\":623,\"height\":284,\"caption\":\"Bater\u00eda Macbook A1493\"},{\"@type\":\"BreadcrumbList\",\"@id\":\"https:\/\/electronicatotal.com.uy\/index.php\/producto\/bateriamaca1493-bateria-genuina-oem-macbook-pro-a1502-emc2875-retina-13-med-2014\/#breadcrumb\",\"itemListElement\":[{\"@type\":\"ListItem\",\"position\":1,\"name\":\"Portada\",\"item\":\"https:\/\/electronicatotal.com.uy\/\"},{\"@type\":\"ListItem\",\"position\":2,\"name\":\"Tienda\",\"item\":\"https:\/\/electronicatotal.com.uy\/\"},{\"@type\":\"ListItem\",\"position\":3,\"name\":\"BateriaMacA1493, Bater\u00eda Genuina OEM MacBook PRO A1502 EMC2875 (RETINA, 13, MED 2014)\"}]},{\"@type\":\"WebSite\",\"@id\":\"https:\/\/electronicatotal.com.uy\/#website\",\"url\":\"https:\/\/electronicatotal.com.uy\/\",\"name\":\"Electr\u00f3nicaTotal\",\"description\":\"Venta de componentes electr\u00f3nicos en Montevideo Uruguay\",\"publisher\":{\"@id\":\"https:\/\/electronicatotal.com.uy\/#organization\"},\"potentialAction\":[{\"@type\":\"SearchAction\",\"target\":{\"@type\":\"EntryPoint\",\"urlTemplate\":\"https:\/\/electronicatotal.com.uy\/?s={search_term_string}\"},\"query-input\":{\"@type\":\"PropertyValueSpecification\",\"valueRequired\":true,\"valueName\":\"search_term_string\"}}],\"inLanguage\":\"es\"},{\"@type\":\"Organization\",\"@id\":\"https:\/\/electronicatotal.com.uy\/#organization\",\"name\":\"Electr\u00f3nica Total\",\"url\":\"https:\/\/electronicatotal.com.uy\/\",\"logo\":{\"@type\":\"ImageObject\",\"inLanguage\":\"es\",\"@id\":\"https:\/\/electronicatotal.com.uy\/#\/schema\/logo\/image\/\",\"url\":\"https:\/\/electronicatotal.com.uy\/wp-content\/uploads\/2024\/03\/ElectronicaTotal_Logo.jpg\",\"contentUrl\":\"https:\/\/electronicatotal.com.uy\/wp-content\/uploads\/2024\/03\/ElectronicaTotal_Logo.jpg\",\"width\":1280,\"height\":720,\"caption\":\"Electr\u00f3nica Total\"},\"image\":{\"@id\":\"https:\/\/electronicatotal.com.uy\/#\/schema\/logo\/image\/\"},\"sameAs\":[\"https:\/\/www.facebook.com\/electronicaTotal.com.uy\/\"]}]}<\/script>\n<!-- \/ Yoast SEO plugin. -->","yoast_head_json":{"title":"BateriaMacA1493, Bater\u00eda Genuina OEM MacBook PRO A1502 EMC2875 (RETINA, 13, MED 2014) - Electr\u00f3nica Total","robots":{"index":"index","follow":"follow","max-snippet":"max-snippet:-1","max-image-preview":"max-image-preview:large","max-video-preview":"max-video-preview:-1"},"canonical":"https:\/\/electronicatotal.com.uy\/index.php\/producto\/bateriamaca1493-bateria-genuina-oem-macbook-pro-a1502-emc2875-retina-13-med-2014\/","og_locale":"es_ES","og_type":"article","og_title":"BateriaMacA1493, Bater\u00eda Genuina OEM MacBook PRO A1502 EMC2875 (RETINA, 13, MED 2014) - Electr\u00f3nica Total","og_description":"A1493 Bater\u00eda para Macbook Pro 13&#8243; Retina A1502 (A\u00f1os 2013, 2014, 2015)","og_url":"https:\/\/electronicatotal.com.uy\/index.php\/producto\/bateriamaca1493-bateria-genuina-oem-macbook-pro-a1502-emc2875-retina-13-med-2014\/","og_site_name":"Electr\u00f3nica Total","article_publisher":"https:\/\/www.facebook.com\/electronicaTotal.com.uy\/","article_modified_time":"2026-03-26T20:18:06+00:00","og_image":[{"width":623,"height":284,"url":"https:\/\/electronicatotal.com.uy\/wp-content\/uploads\/BateriaMacA1493.jpg","type":"image\/jpeg"}],"twitter_card":"summary_large_image","twitter_misc":{"Tiempo de lectura":"1 minuto"},"schema":{"@context":"https:\/\/schema.org","@graph":[{"@type":"WebPage","@id":"https:\/\/electronicatotal.com.uy\/index.php\/producto\/bateriamaca1493-bateria-genuina-oem-macbook-pro-a1502-emc2875-retina-13-med-2014\/","url":"https:\/\/electronicatotal.com.uy\/index.php\/producto\/bateriamaca1493-bateria-genuina-oem-macbook-pro-a1502-emc2875-retina-13-med-2014\/","name":"BateriaMacA1493, Bater\u00eda Genuina OEM MacBook PRO A1502 EMC2875 (RETINA, 13, MED 2014) - Electr\u00f3nica Total","isPartOf":{"@id":"https:\/\/electronicatotal.com.uy\/#website"},"primaryImageOfPage":{"@id":"https:\/\/electronicatotal.com.uy\/index.php\/producto\/bateriamaca1493-bateria-genuina-oem-macbook-pro-a1502-emc2875-retina-13-med-2014\/#primaryimage"},"image":{"@id":"https:\/\/electronicatotal.com.uy\/index.php\/producto\/bateriamaca1493-bateria-genuina-oem-macbook-pro-a1502-emc2875-retina-13-med-2014\/#primaryimage"},"thumbnailUrl":"https:\/\/electronicatotal.com.uy\/wp-content\/uploads\/BateriaMacA1493.jpg","datePublished":"2024-12-02T13:47:09+00:00","dateModified":"2026-03-26T20:18:06+00:00","breadcrumb":{"@id":"https:\/\/electronicatotal.com.uy\/index.php\/producto\/bateriamaca1493-bateria-genuina-oem-macbook-pro-a1502-emc2875-retina-13-med-2014\/#breadcrumb"},"inLanguage":"es","potentialAction":[{"@type":"ReadAction","target":["https:\/\/electronicatotal.com.uy\/index.php\/producto\/bateriamaca1493-bateria-genuina-oem-macbook-pro-a1502-emc2875-retina-13-med-2014\/"]}]},{"@type":"ImageObject","inLanguage":"es","@id":"https:\/\/electronicatotal.com.uy\/index.php\/producto\/bateriamaca1493-bateria-genuina-oem-macbook-pro-a1502-emc2875-retina-13-med-2014\/#primaryimage","url":"https:\/\/electronicatotal.com.uy\/wp-content\/uploads\/BateriaMacA1493.jpg","contentUrl":"https:\/\/electronicatotal.com.uy\/wp-content\/uploads\/BateriaMacA1493.jpg","width":623,"height":284,"caption":"Bater\u00eda Macbook A1493"},{"@type":"BreadcrumbList","@id":"https:\/\/electronicatotal.com.uy\/index.php\/producto\/bateriamaca1493-bateria-genuina-oem-macbook-pro-a1502-emc2875-retina-13-med-2014\/#breadcrumb","itemListElement":[{"@type":"ListItem","position":1,"name":"Portada","item":"https:\/\/electronicatotal.com.uy\/"},{"@type":"ListItem","position":2,"name":"Tienda","item":"https:\/\/electronicatotal.com.uy\/"},{"@type":"ListItem","position":3,"name":"BateriaMacA1493, Bater\u00eda Genuina OEM MacBook PRO A1502 EMC2875 (RETINA, 13, MED 2014)"}]},{"@type":"WebSite","@id":"https:\/\/electronicatotal.com.uy\/#website","url":"https:\/\/electronicatotal.com.uy\/","name":"Electr\u00f3nicaTotal","description":"Venta de componentes electr\u00f3nicos en Montevideo Uruguay","publisher":{"@id":"https:\/\/electronicatotal.com.uy\/#organization"},"potentialAction":[{"@type":"SearchAction","target":{"@type":"EntryPoint","urlTemplate":"https:\/\/electronicatotal.com.uy\/?s={search_term_string}"},"query-input":{"@type":"PropertyValueSpecification","valueRequired":true,"valueName":"search_term_string"}}],"inLanguage":"es"},{"@type":"Organization","@id":"https:\/\/electronicatotal.com.uy\/#organization","name":"Electr\u00f3nica Total","url":"https:\/\/electronicatotal.com.uy\/","logo":{"@type":"ImageObject","inLanguage":"es","@id":"https:\/\/electronicatotal.com.uy\/#\/schema\/logo\/image\/","url":"https:\/\/electronicatotal.com.uy\/wp-content\/uploads\/2024\/03\/ElectronicaTotal_Logo.jpg","contentUrl":"https:\/\/electronicatotal.com.uy\/wp-content\/uploads\/2024\/03\/ElectronicaTotal_Logo.jpg","width":1280,"height":720,"caption":"Electr\u00f3nica Total"},"image":{"@id":"https:\/\/electronicatotal.com.uy\/#\/schema\/logo\/image\/"},"sameAs":["https:\/\/www.facebook.com\/electronicaTotal.com.uy\/"]}]}},"_links":{"self":[{"href":"https:\/\/electronicatotal.com.uy\/index.php\/wp-json\/wp\/v2\/product\/3537","targetHints":{"allow":["GET"]}}],"collection":[{"href":"https:\/\/electronicatotal.com.uy\/index.php\/wp-json\/wp\/v2\/product"}],"about":[{"href":"https:\/\/electronicatotal.com.uy\/index.php\/wp-json\/wp\/v2\/types\/product"}],"wp:featuredmedia":[{"embeddable":true,"href":"https:\/\/electronicatotal.com.uy\/index.php\/wp-json\/wp\/v2\/media\/3539"}],"wp:attachment":[{"href":"https:\/\/electronicatotal.com.uy\/index.php\/wp-json\/wp\/v2\/media?parent=3537"}],"wp:term":[{"taxonomy":"product_brand","embeddable":true,"href":"https:\/\/electronicatotal.com.uy\/index.php\/wp-json\/wp\/v2\/product_brand?post=3537"},{"taxonomy":"product_cat","embeddable":true,"href":"https:\/\/electronicatotal.com.uy\/index.php\/wp-json\/wp\/v2\/product_cat?post=3537"},{"taxonomy":"product_tag","embeddable":true,"href":"https:\/\/electronicatotal.com.uy\/index.php\/wp-json\/wp\/v2\/product_tag?post=3537"}],"curies":[{"name":"wp","href":"https:\/\/api.w.org\/{rel}","templated":true}]}}